m - 21 = -6*m. What is the units digit of u(m)?
3
Let v = -1224 - -2119. What is the units digit of v?
5
Let j(n) = 499*n**2 + 2*n. What is the units digit of j(-1)?
7
Let s be 1/4 - (-330)/(-8). Suppose 0 = 5*o - 146 - 149. Let c = o + s. What is the units digit of c?
8
Suppose 4*w + 4*w = 784. Suppose 5*y + w - 263 = 0. What is the tens digit of y?
3
Let b(l) = l**3 - 10*l**2 + 2*l + 3. Let d be b(10). Let s = d - 20. Suppose 0 = 2*p - 3 - s. What is the units digit of p?
3
Let i(t) = -30*t**3 - t**2 + t + 1. Let v = -24 - -6. Let a = v + 17. What is the tens digit of i(a)?
2
Let x = 80 + -129. Let d = x - -58. What is the units digit of d?
9
Suppose 3 = -2*m + 11, -48 = -p + 2*m. Let q = 75 - p. What is the tens digit of q?
1
What is the units digit of (131 - (-5 - -7))*7/3?
1
Let s = -39 + 44. Suppose w + w = 10. Suppose -s*p - 3*a - 1 = -38, w*p = -a + 29. What is the units digit of p?
5
Let i be 10/(-35) + 204/28. Let m(p) = -p**3 + 8*p**2 - 8*p + 2. Let o be m(i). What is the units digit of (6/o)/((-12)/360)?
6
Let g(o) = o**3 - 12*o**2 - 4*o + 16. Let w be g(12). What is the tens digit of 1/5*(w - -1)*-5?
3
What is the tens digit of 33464/40 - (-15)/(-25)?
3
Let v(j) = j**3 + 7*j**2 + 4*j - 9. Let c be v(-6). Let r(y) = -5*y + 2*y - 11 + 4*y - 10*y**2 + 5*y - y**c. What is the tens digit of r(-11)?
4
Suppose 4*f = f + 342. Suppose -4*r = -7*r + f. What is the tens digit of r?
3
Let v(p) = -8 - p**2 - 4*p**2 - 2*p**2 + 32*p + 12. Let d(u) = 3*u**2 - 16*u - 2. Let g(x) = 9*d(x) + 4*v(x). What is the units digit of g(-14)?
6
Suppose z - 4*l - 2830 = 0, 0 = 3*z - 4*l - 6679 - 1811. What is the tens digit of z?
3
What is the tens digit of 9218/22 - (3 + 0)*1?
1
Let w(j) = 4*j - 4. Let l be w(8). Suppose 30*m - 120 = l*m. What is the units digit of m?
0
Let f(v) = -v**2 + v + 12. Let y be f(0). Let m = y + -27. What is the tens digit of (-381)/m - (-6)/(-15)?
2
Let d = 3804 - 904. What is the thousands digit of d?
2
Let a = -479 - -968. What is the tens digit of a?
8
Let c = 29 - 75. Let z = -13 - c. What is the tens digit of z?
3
Let p(a) = 6*a**2 + 3*a + a - 3*a**2 - 2 + 3*a. What is the tens digit of p(4)?
7
What is the units digit of (162/(-8))/(-27)*644?
3
Suppose -2*b - 23 = p + 3*b, 0 = 3*p - 4*b - 26. Suppose 3 = p*k - 5. Suppose -56 = -4*f + 2*q - 4*q, 5*f - k*q = 83. What is the tens digit of f?
1
Let j(p) = -9*p. Let x be j(5). Let c = -15 + 10. What is the units digit of (0 + 1)/(c/x)?
9
Suppose 59 = n + 23. What is the units digit of 8/(-36) - (-1448)/n?
0
Suppose -3*l - 81 = -3*y, -2*l = -5*y - l + 135. What is the units digit of (144/y)/(2/3)?
8
Suppose -2*i + 13068 = 2*v + 2*v, 0 = 4*i - 16. What is the tens digit of v?
6
Let a(t) = -4*t - 2. Let r be a(-1). Suppose -p = g - 6*p + 10, 0 = g - p - r. Suppose -3*v - 32 = -g*v. What is the tens digit of v?
1
Let p be (4/6)/(10/255). Let z = 56 - p. What is the tens digit of z?
3
Let a be -4*(2 + -3 + 0). Let r(b) = -8*b - 11. Let p(d) = -4*d - 5. Let f(o) = -5*p(o) + 2*r(o). What is the units digit of f(a)?
9
Let b(c) be the first derivative of c**3/3 - 5*c + 1. Let s be b(0). What is the units digit of (-95)/s - 6/2?
6
Let h(z) = 36*z**2 - 5*z + 4. Let j be h(5). Suppose 19 = -4*t + j. Suppose 2*y - t = -3*y. What is the tens digit of y?
4
Let k(f) = 2*f - 3. Suppose 4 = u + 1. Let y be k(u). Suppose -y*x = -218 - 16. What is the tens digit of x?
7
Let v be 5974/9 + 20/90. Suppose 5*s + 214 - v = 0. What is the units digit of s?
0
Let f(t) be the second derivative of -197*t**3/3 + 3*t**2/2 + 11*t. Let m be f(2). What is the units digit of m/(-15) - 1/3?
2
Let d = -35 - 4. What is the units digit of d/13*(-2 - 1)?
9
Suppose 0 = -3*r - 6*r + 18. Suppose -26 = -r*p + 66. What is the units digit of p?
6
Suppose 3*p = 4*t - 8, 5*p - 3*p - 4 = -2*t. Suppose t*r + 2*r - 12 = 0. Suppose r*b - 5*b + 40 = 0. What is the units digit of b?
0
Suppose 2*j = -2*m - 233 + 37, j - 4*m = -88. Let w = j + 160. What is the units digit of w?
4
Let v be (4 - -137) + -1 + 1. Suppose -3*p + 0*p = -v. Let c = -34 + p. What is the tens digit of c?
1
Let t(n) = -n**3 + 31*n**2 - 65*n + 49. What is the hundreds digit of t(28)?
5
Let v be (-4)/(-10) + 196/10. Let f = v + -4. What is the tens digit of f?
1
Let r(a) = -687*a + 4. What is the tens digit of r(-8)?
0
Let n = -427 - -1977. What is the tens digit of n?
5
Suppose 3*z - 1 = 23. Suppose -3*j - 935 = -z*j - 5*t, -4*j + 3*t + 748 = 0. What is the hundreds digit of j?
1
Let s(k) = 5*k**3 - 4*k**2 + 7*k - 14. Let t(r) = 2*r**3 - 2*r**2 + 4*r - 7. Let q(d) = -3*s(d) + 5*t(d). What is the tens digit of q(-3)?
6
Let q = -647 - -931. Suppose 0 = -f - 4*a + 8*a + 148, 2*f - 4*a = q. Suppose -4*g - 4*n = -112, 5*g = 4*n - 5*n + f. What is the tens digit of g?
2
Suppose -4*z - a - 4*a + 2183 = 0, 4*a - 2731 = -5*z. What is the hundreds digit of z?
5
Let l be (2/(-5))/(2/10). What is the units digit of (l + (-3)/(-2))*-52?
6
Let k = -247 - -582. What is the hundreds digit of k?
3
What is the units digit of (-16)/(112/13503)*(-1)/3?
3
What is the units digit of -2 + (-5 - -624) - 7?
0
Let w = -406 - -809. Suppose 3*k - 407 = u, k - 5*u = -2*k + w. What is the units digit of k?
6
Let s(w) = w + w - 3*w + 36*w**2 - 1 + 3*w. Let j be s(1). Let y = 81 - j. What is the tens digit of y?
4
Let o(h) = -h**3 + 9*h**2 + h - 10. Let r be o(8). Suppose -3*d - r = -467. Suppose -2*a = a - d. What is the units digit of a?
5
Let w be (-16)/(-6) - (-20)/(-30). Suppose 117 = -2*v - x, -v - 10 = w*x + 50. Let n = -27 - v. What is the tens digit of n?
3
Let n(h) = -208*h + 23. What is the hundreds digit of n(-2)?
4
Suppose -4*c + 4 = -4*v, 5*v = 4*c + 2 - 4. Let o(g) = 41*g - 17. Let s(u) = -20*u + 9. Let j(r) = 3*o(r) + 5*s(r). What is the tens digit of j(v)?
4
Suppose 3*r - i = 27, -2*r = 3*r + i - 45. What is the units digit of ((-260)/6)/((-6)/r)?
5
Suppose 19*l - 36306 = -11226. What is the thousands digit of l?
1
Let p(t) = -3*t**2 - 28*t + 25. Let v(l) = -2*l**2 - 27*l + 27. Let o(r) = 3*p(r) - 4*v(r). What is the hundreds digit of o(12)?
1
Let b(p) = -p**3 + 13*p**2 - 7*p + 5. Suppose -4*w + 4*g = -36, -5*w = g + 4*g - 15. What is the tens digit of b(w)?
1
Let v = -734 + 819. Suppose d = 2*i - 36, -d + 0*i - 41 = -i. Let b = v + d. What is the units digit of b?
9
Suppose 5*j = -4*i + 1137, j - 2*j = -3*i - 235. What is the units digit of j - (0/(-3) + 5)?
4
Let m = -99 - -623. What is the hundreds digit of m?
5
Suppose 1531 = 18*w - 971. What is the tens digit of w?
3
Suppose 5*q = 2*q - 0*q. Suppose q = -l - 2*j + 200, -2*l + 7*l + j = 1036. What is the hundreds digit of l?
2
Let j = -65 - -97. Suppose -v + j = -p + 6, -3*p - 120 = -5*v. Let x = -6 + v. What is the tens digit of x?
1
Suppose -3*c = -g - 11, 4*g + 16 = -c - c. Suppose -c*h - 4*d = -4*h + 188, -3*h = -2*d - 282. What is the tens digit of h?
9
Suppose -5*a = 4*y - 1631, 0*y + 2*y - 977 = -3*a. Suppose -39 - 17 = -7*g. Suppose a + 221 = g*z. What is the tens digit of z?
6
Let g(q) = -15 - 16 - 58*q + 31. What is the units digit of g(-1)?
8
Suppose -7*a = -3*a + 40. Let i = a + 67. What is the tens digit of i?
5
What is the thousands digit of ((-7)/(28/4904) + 0)*-1?
1
What is the units digit of (-3)/1 + (5904/8 - -2)?
7
Let f be ((-99)/2)/(-9)*14. Suppose 0 = 5*u - f - 28. What is the tens digit of u?
2
Let k(t) = 180*t**2 + t + 4. Let d be k(2). Suppose 15*u = 9*u + d. What is the units digit of u?
1
Suppose 9*a = 6*a. Suppose a = 7*w - 63 + 21. Suppose 3*g - n = 61, -w + 97 = 3*g + 5*n. What is the tens digit of g?
2
Let u(l) = l**3 - l**2 + 2*l + 22. Let z(m) = -m + 3. Let o(r) = -r. Let j(x) = 2*o(x) - z(x). Let a be j(-3). What is the units digit of u(a)?
2
Suppose 10519 = 4*r - 5*o, -o + 3062 = 2*r - 2201. What is the thousands digit of r?
2
Let m(o) = 4*o + 1. Let f be m(-1). Let g = 9 - f. What is the units digit of g?
2
Let o = 16 - 10. What is the units digit of 1/(-3)*9/o*-18?
9
Suppose -4*p + 462 + 474 = 0. Suppose -3*d = 3*a - p, 5*a + 159 - 24 = 2*d. What is the tens digit of d?
7
Let a = 0 - -2. Suppose 5*g + 5 + 12 = -d, 2*d + 2*g + a = 0. Suppose -d*b - 3 = -90. What is the tens digit of b?
2
Suppose 3*r - 2*r = 0. Let t = r - -2. Suppose x = -3*j, 3*j = x + t*x - 36. What is the units d